
-7
(14 - 5 - -2) + -35
-24
Calculate (6 - 5) + (-23 - -2) - (1 - 7).
-14
Evaluate -25 + 0 + 381 + -333.
23
Evaluate -8 + (54 + -8 - (-2 - 4 - -7)).
37
Calculate 4 + (7 - 0) + -13 + 1 + -8.
-9
Evaluate 15 + (-1 - 15) - (0 + -1 + -4).
4
(-2 - (-3 + (6 - 5) + 0)) + -13
-13
Evaluate -3 - (0 - -1 - ((4 - 15) + 11)).
-4
What is -2 + -1 + 47 + 57 + -109?
-8
Calculate (-7 - (7 + -39)) + 3 + 16 + -16.
28
Calculate 198 + -185 - (-5 - 11).
29
What is the value of -14 - 3 - (-13 + 23 + -16)?
-11
Evaluate -3 - 3 - (-7 - (2 + 3 - -7)).
13
What is (8 - -1) + (-8 + -60 - -70)?
11
2 + (3 + 4 - (24 + -10 - 8))
3
Calculate -24 + 22 - (9 + (-20 - -5)).
4
Calculate 13 - (-19 - -28) - (-3 + -1) - -15.
23
Calculate 0 - -1 - (-16 + 15 + 3).
-1
(26 - (-27 + 38)) + -17
-2
(4 - 2) + -11 + 2 + 3 + -8
-12
What is the value of (44 - (-2 + 3)) + -4 - 10 - -5?
34
Calculate 16 + -14 + (-19 - (-1 + (0 - 5))).
-11
What is the value of -2 + -4 + (-13 - 2) + 9?
-12
What is the value of -46 - -41 - ((-7 - 0) + 5)?
-3
Calculate -27 + (5 - 1) + 13 + -9.
-19
Calculate (0 + -32 + 10 - (-3 + -1)) + 6.
-12
What is the value of -19 + (5 - 10) - (-12 - -6 - -1)?
-19
Calculate (2 - -1) + 362 + -346 - -11.
30
What is -24 + (9 + -7 - -7)?
-15
Calculate (12 - 2) + (-4 - (-10 + (8 - 10))).
18
Evaluate 9 + (33 - 12 - 60).
-30
Evaluate 7 - (17 - (-9 - (-3 + -3))).
-13
Evaluate -3 - ((-59 - -5) + 11 + 16).
24
14 + -18 + 32 + -11
17
Calculate 20 + 18 + (-39 - -5).
4
Evaluate 17 + 0 + (-42 - -22).
-3
-9 + 5 + (-35 - -24)
-15
What is -12 + (8 - (3 - 1)) - (6 + -2)?
-10
What is 7 + (-7 - -5 - 23) + 4 + -2?
-16
Calculate 12 - (15 - -10) - -7.
-6
1032 + -1062 - (-1 - -6)
-35
What is the value of 1 + 5 + -8 - 6?
-8
Calculate 11 + (-6 - (8 + -3 + -3)) + -16.
-13
Evaluate -1 + (3 + 4 - -1 - -7).
14
What is 24 - (27 + -6) - (1 + (2 - 2))?
2
What is the value of 2 - ((2 - 4) + 23 + -27)?
8
What is 14 - (1 - -17 - -5)?
-9
Calculate (10 - 1 - 7) + (12 - 3).
11
Evaluate -1 + -4 + -39 + 32.
-12
Calculate 0 + -5 - (4 + -6) - (5 + -19).
11
Evaluate 9 + -16 - (29 - -1) - -16.
-21
Evaluate -18 + 11 + -36 + 38.
-5
What is the value of -1 + 1 + 26 + -5?
21
What is -15 + (3 - (0 + -2 - (-46 - -36)))?
-20
-1 - 2 - 1 - (-45 + 30)
11
Evaluate (21 - (19 - -8)) + 26.
20
What is the value of 6 - ((23 - 12) + (1 - 11))?
5
2 - (0 + -2) - -1 - (168 - 165)
2
38 + -78 + -1 + 77
36
Calculate -7 + 5 + (1 - 5) - (-6 - 1).
1
(-16 + 35 - 14) + (-7 - (2 - 1))
-3
Calculate (7 - (29 + -28)) + (0 - (-7 + 1)).
12
-8 + (24 - (17 - 14))
13
1 + (-13 - -41) + -49
-20
Evaluate -21 - (0 + -45 + 22).
2
What is 5 - 6 - (0 - 10) - 8?
1
What is the value of 25 + -7 + 4 + (547 - 535)?
34
What is 8 + -14 - (26 - 14)?
-18
Evaluate (-1 - (0 - (1 + -1))) + 1999 + -1996.
2
Calculate 5 + (9 - 2 - 1).
11
Evaluate 17 + (-32 - (-2 + -9)).
-4
Calculate 197 + -206 + -7 + 1.
-15
(-12 - (12 + -46 + 15)) + (-33 - -1)
-25
Evaluate 2 + 0 + (-192 - -203).
13
3 - 39 - (59 + -92)
-3
Evaluate 6 + -5 + -3 + 5 + (-4 - -9).
8
What is -2 + (0 + 12 - -1) + -21?
-10
What is the value of -1 + 12 + -7 + (-12 - -16)?
8
What is 1 + 9 - (31 - (17 + 3))?
-1
What is the value of (4 + 26 - 19 - 7) + 12?
16
Calculate 0 + -8 + 859 + -874.
-23
Calculate -7 - (2 - (12 + 3 + -5)).
1
What is the value of 5 + -1 + (-359 - -345)?
-10
What is (-26 - -27 - 2) + 22 + -1 + 3?
23
Evaluate 9 - ((16 - 31) + 11).
13
What is the value of -15 + 0 + -374 + 372?
-17
Calculate 7 + 1 + (1 + -5 - (5 - 7)).
6
Evaluate 0 - (13 + (-2 - 9) - -3).
-5
-29 + 21 + (-1 - 2) - 7
-18
What is the value of 3 + -2 + (7 - 10) + -2 + 6?
2
What is the value of -7 + 24 + -152 + 145?
10
-1 - (7 + -10) - -3
5
What is 5 + -2 + -8 - (-21 + 7 - -18)?
-9
Evaluate (6 - (7 + -5) - -5) + -3.
6
Calculate (11 - 1) + -1 - (-56 - (-56 - -25)).
34
What is 26 + (-82 - -61) + -30 + 1?
-24
(1 - 0) + 5 - (74 - 44 - 16)
-8
What is the value of (11 - 1) + (16 - (21 + (-26 - -16)))?
15
Calculate -2 + (30 - (3 + 31)) + 0 + 6.
0
What is -34 + 3 + 25 + 29?
23
Evaluate -9 + 5 + -14 + 18 - (15 - 2).
-13
2 + -1 + -8 + -70 + 74 + -5
-8
Calculate 27 - (30 - 8) - -20.
25
-16 - (-20 + -14 + 31) - 7
-20
Evaluate 16 - (-6 + -16 - -34).
4
Evaluate 107 + -96 - (-4 - (2 - 43)).
-26
-12 - (18 - (-5 + -6) - 13)
-28
Evaluate -6 + 0 + (-6 + 2 - -9) + 24.
23
-26 + 15 + -48 + 46
-13
Calculate -6 + (1 - (-3 - (3 + -5 + -2))).
-6
What is the value of 10 - (-61 + 63 + 7 + 0)?
1
Calculate 15 - (-6 + 19) - (4 + 3).
-5
0 + 10 - (3 + 4)
3
What is 18 - (-3 + -1 - -4) - (-70 - -71)?
17
What is -1 + 5 + (1 - 2 - -1)?
4
Calculate -8 + (8 - (7 + 1)) + -4 + 8.
-4
Evaluate 1096 + -1111 + 0 + 7 + 0.
-8
What is -2 + 8 + -7 + 3 + -11 + 3?
-6
Calculate -6 + (-9 - (13 - 20)).
-8
-13 + (-2 - 0) - -9
-6
Calculate -24 + 21 - (-1 + (0 - 4)).
2
What is the value of -3 + (3 - 9 - -17) + -8 + -13?
-13
Evaluate 1 + 11 + -8 + (7 - 8 - 4).
-1
4 - (-18 + 19 - 3)
6
Calculate 4 + -13 + -2 + 1.
-10
Evaluate -8 - -8 - (3 + -20 + 8).
9
What is the value of 2 + (0 - 1) + (-5 - (20 - 16))?
-8
What is -4 - (-5 + 9) - (-19 + 14)?
-3
What is 11 - (-1 + -9 + 1 + 11)?
9
Calculate -21 + -1 + 15 + (-1 - (0 + -5)).
-3
Evaluate -3 + -4 + 26 - (2 + (0 - -2)).
15
3 + 0 + 0 - (53 + -2 + -47)
-1
What is the value of 1 + -7 + -1 - (6 + -52 - -59)?
-20
Calculate 1 + (0 - -5 - 15) + (8 - 2).
-3
Calculate (-1 - -11) + -5 + -4 - 13.
-12
What is 17 - (4 + 3 + 5 + -4)?
9
Evaluate 2 + (-4 + (7 - 2) + 1 - -1).
5
What is the value of -13 + 1 + -778 + 763?
-27
(0 + -11 - -3 - (-32 - -28)) + -4
-8
Calculate 3 - -21 - (25 - 0).
-1
26 + -23 - (20 - (-2 + (3 - 0)))
-16
What is -3 - ((15 - -14) + (-1 + 9 - 10))?
-30
-25 + 31 + 30 + -28
8
Calculate -27 - ((-2 - (-6 - -13)) + 9 + -4).
-23
Calculate -20 - (-18 + 29 + -26 - -18).
-23
63 + -74 + (-1 - 6) + 0 + -2
-20
Evaluate (-10 - 16) + -1 + 4 + 31 + -26.
-18
Calculate -1 + -2 - (51 + -20 - 41).
7
What is (-17 - 3) + 26 + (-2 - 6)?
-2
Calculate -40 + -11 + 19 + 39.
7
(32 - (15 - 11 - 5)) + -10
23
Evaluate 2 + -24 - (-29 + 2 + 21).
-16
Evaluate -6 - 2 - -4 - 2 - (-60 + 40).
14
Calculate 25 - (10 - -19) - (0 + -5).
1
Evaluate (13 - (7 - (-10 - -13))) + 1 + -8.
2
What is the value of -24 + 84 + -43 - 42?
-25
What is the value of -5 + 0 + 0 + -1 + 9 + -4?
-1
What is the value of (5 - 12) + (7 - 8 - -4 - 0)?
-4
What is (80 - 88) + (11 - -16)?
19
What is (10 - (5 - (-5 - -8))) + -3 + -7?
-2
What is the value of 19 - (-2 + 0 + -41 + 40) - 8?
14
(51 + -61 - (2 + -1 + -2)) + 1
-8
(-21 - (-15 + 6)) + (33 - -6)
27
Evaluate (74 + 11 - 73) + (-16 - 1).
-5
What is 2 + 0 + (23 - 33 - -15)?
7
What is the value of (6 - 38) + 12 + 1 + 4?
-15
What is -9 + (8 - 13) - -2?
-12
What is (1 - 2) + 26 + -52 + 11?
-16
What is the value of -18 + 0 + 9 + 18 + 1?
10
(-223 - -228) + -6 + (6 - 3)
2
What is the value of 18 + -5 + 6 + -34?
-15
-11 - (-17 - 5) - -2
13
What is the value of 0 - 11 - (4 + (-1 - 3 - -1))?
-12
What is 13 + 13 + (-25 - 14)?
-13
Evaluate -8 + (5 - 7 - -4) - (3 + -11).
2
What is the value of 2 + -15 - (28 + -15 + -22)?
-4
6 - -4 - (-1 - -11) - (3 - 1)
-2
What is the value of -20 + (4 - (4 + -11 + 3 + 4))?
-16
Calculate (-14 - (-7 - 5)) + -7 - -27.
18
What is -6 + 2 - (1 - -1 - (-50 + 47))?
-9
What is the value of -11 + (-4 - (1 + -15)) + 18?
17
Evaluate (6 - 8) + -13 + (-3 - -5).
-13
Evaluate 10 + -6 - (7 - (-12 + 1)).
-14
Evaluate 14 + 7 - (1 - -12).
8
Calculate 38 - 24 - (0 + 1 - 12).
25
Calculate -16 + (2 - (-2 + (-10 - -6) + 2)).
-10
What is the value of -4 - (8 - (-12 + (-10 - -10)))?
-24
Evaluate 12 - (10 - (-18 + 9)).
-7
What is the value of 3 - 23 - -26 - (-12 - (-2 + 2))?
18
Evaluate (1 - -10 - 0) + (-753 - -735).
-7
-9 + 0 + 77 + -53
15
(11 - -15) + 1 - 17
10
What is the value of 16 - (29 - (-27 - -55))?
15
What is -1 + (-12 - (-7 + (-10 - 4)))?
8
What is 4 + (-8 - 2) + (11 + -24 - -16)?
-3
Evaluate (79 - 85) + -3 + 13.
4
(-20 - -8) + 18 - 10
-4
What is the value of 4 + 8 + (-21 - -21)?
12
What is -6 + (14 - (44 + -34))?
-2
What is 0 + -12 - (-202 + 179)?
11
What is the value of -5 - (-1 + -1 - (-8 - -20))?
9
Calculate 11 + (14 - (13 - 1) - 10) + -12.
-9
What is (-1 - -10) + (-37 - -29) + -6 + -5?
-10
Evaluate 16 + (-8 + 5 - (5 - -2)) + 10.
16
What is -64 - (9 + -44) - (-1 - -4 - 5)?
-27
What is the value of -1 - (-3 + -14 - (3 + -39))?
-20
Evaluate 235 + -253 + (-3 - -3).
-